{"id":3779,"date":"2021-09-10T10:52:22","date_gmt":"2021-09-10T08:52:22","guid":{"rendered":"https:\/\/www.lernreg.de\/Neues%20Verzeichnis\/wordpress\/?page_id=3779"},"modified":"2025-10-21T11:02:47","modified_gmt":"2025-10-21T09:02:47","slug":"unser-team","status":"publish","type":"page","link":"https:\/\/www.lernreg.de\/index.php\/unser-team\/","title":{"rendered":"Unser Team"},"content":{"rendered":"<div id='layer_slider_1'  class='avia-layerslider main_color avia-shadow  avia-builder-el-0  el_before_av_section  avia-builder-el-first  container_wrap sidebar_right'  style='height: 351px;'  ><\/div>\n<div id='av_section_1'  class='avia-section av-svss2r-4c362cba0ffea783421b5d04f25e5b0e alternate_color avia-section-large avia-shadow  avia-builder-el-1  el_after_av_layerslider  avia-builder-el-last  avia-bg-style-scroll container_wrap sidebar_right'  ><div class='container av-section-cont-open' ><div class='template-page content  av-content-small alpha units'><div class='post-entry post-entry-type-page post-entry-3779'><div class='entry-content-wrapper clearfix'>\n<section  class='av_textblock_section av-rwncir-5126b31bd2a77de133627580e93688e0'  itemscope=\"itemscope\" itemtype=\"https:\/\/schema.org\/CreativeWork\" ><div class='avia_textblock'  itemprop=\"text\" ><h2 style=\"text-align: center;\">Unser Team<\/h2>\n<\/div><\/section>\n\n<style type=\"text\/css\" data-created_by=\"avia_inline_auto\" id=\"style-css-av-ozv9rn-16fa9145ed87afef0b492247faab36db\">\n.flex_column.av-ozv9rn-16fa9145ed87afef0b492247faab36db{\n-webkit-border-radius:0px 0px 0px 0px;\n-moz-border-radius:0px 0px 0px 0px;\nborder-radius:0px 0px 0px 0px;\npadding:0px 0px 0px 0px;\n}\n<\/style>\n<div class='flex_column av-ozv9rn-16fa9145ed87afef0b492247faab36db av_one_fifth  avia-builder-el-3  el_after_av_textblock  el_before_av_one_fifth  first flex_column_div av-zero-column-padding column-top-margin'     ><section  class='avia-team-member av-nlkcv7-be57f0761990938667acc2dcf0a54e80  avia-builder-el-4  avia-builder-el-no-sibling '  itemscope=\"itemscope\" itemtype=\"https:\/\/schema.org\/Person\" ><div class=\"team-img-container\"><img decoding=\"async\" class='wp-image-5134 avia-img-lazy-loading-not-5134 avia_image avia_image_team' src=\"https:\/\/www.lernreg.de\/wp-content\/uploads\/2022\/08\/Schmid-Florian-856x1030.jpg\" alt='Florian Schmid'  itemprop=\"image\"   height=\"1030\" width=\"856\" srcset=\"https:\/\/www.lernreg.de\/wp-content\/uploads\/2022\/08\/Schmid-Florian-856x1030.jpg 856w, https:\/\/www.lernreg.de\/wp-content\/uploads\/2022\/08\/Schmid-Florian-249x300.jpg 249w, https:\/\/www.lernreg.de\/wp-content\/uploads\/2022\/08\/Schmid-Florian-768x924.jpg 768w, https:\/\/www.lernreg.de\/wp-content\/uploads\/2022\/08\/Schmid-Florian-1276x1536.jpg 1276w, https:\/\/www.lernreg.de\/wp-content\/uploads\/2022\/08\/Schmid-Florian-1702x2048.jpg 1702w, https:\/\/www.lernreg.de\/wp-content\/uploads\/2022\/08\/Schmid-Florian-1246x1500.jpg 1246w, https:\/\/www.lernreg.de\/wp-content\/uploads\/2022\/08\/Schmid-Florian-586x705.jpg 586w, https:\/\/www.lernreg.de\/wp-content\/uploads\/2022\/08\/Schmid-Florian-450x542.jpg 450w, https:\/\/www.lernreg.de\/wp-content\/uploads\/2022\/08\/Schmid-Florian.jpg 1901w\" sizes=\"(max-width: 856px) 100vw, 856px\" \/><div class=\"team-social\"><div class=\"team-social-inner\"><span class='hidden av_member_url_markup '  itemprop=\"email\" >mailto:florian.schmid@landkreis-schwandorf.de<\/span><a href='mailto:florian.schmid@landkreis-schwandorf.de' class='avia-team-icon av-lzgg83-5dc53a04508be9d1ea5a67908a11f464' rel=\"v:url noopener\" data-avia-tooltip=\"E-Mail\" target='_blank' aria-hidden='true' data-av_icon='\ue805' data-av_iconfont='entypo-fontello'><\/a><\/div><\/div><\/div><h3 class='team-member-name '  itemprop=\"name\" >Florian Schmid<\/h3><div class='team-member-job-title '  itemprop=\"jobTitle\" >Gesch\u00e4ftsf\u00fchrung der Lernenden Region Schwandorf e.V.,  Bildungsmanagement<\/div><div class='team-member-description '  itemprop=\"description\" ><p>09431 471-602<\/p>\n<p>florian.schmid(at)landkreis-schwandorf.de<br \/>\nMontag - Freitag: 9 - 15 Uhr<\/p>\n<\/div><span class='hidden team-member-affiliation'  itemprop=\"affiliation\" >Lernende Region Schwandorf<\/span><\/section><\/div>\n<style type=\"text\/css\" data-created_by=\"avia_inline_auto\" id=\"style-css-av-1j3qyb-c6ab1b8f9c0629107e7f16c3ad0af8ce\">\n.flex_column.av-1j3qyb-c6ab1b8f9c0629107e7f16c3ad0af8ce{\n-webkit-border-radius:0px 0px 0px 0px;\n-moz-border-radius:0px 0px 0px 0px;\nborder-radius:0px 0px 0px 0px;\npadding:0px 0px 0px 0px;\n}\n<\/style>\n<div class='flex_column av-1j3qyb-c6ab1b8f9c0629107e7f16c3ad0af8ce av_one_fifth  avia-builder-el-5  el_after_av_one_fifth  el_before_av_one_fifth  flex_column_div av-zero-column-padding column-top-margin'     ><section  class='avia-team-member av-dlb6fn-8cd041426dbdb11be7a77f888e32f75e  avia-builder-el-6  avia-builder-el-no-sibling '  itemscope=\"itemscope\" itemtype=\"https:\/\/schema.org\/Person\" ><div class=\"team-img-container\"><img decoding=\"async\" class='wp-image-5152 avia-img-lazy-loading-not-5152 avia_image avia_image_team' src=\"https:\/\/www.lernreg.de\/wp-content\/uploads\/2022\/08\/Duerr-Doris-882x1030.jpg\" alt='Doris D\u00fcrr'  itemprop=\"image\"   height=\"1030\" width=\"882\" srcset=\"https:\/\/www.lernreg.de\/wp-content\/uploads\/2022\/08\/Duerr-Doris-882x1030.jpg 882w, https:\/\/www.lernreg.de\/wp-content\/uploads\/2022\/08\/Duerr-Doris-257x300.jpg 257w, https:\/\/www.lernreg.de\/wp-content\/uploads\/2022\/08\/Duerr-Doris-768x897.jpg 768w, https:\/\/www.lernreg.de\/wp-content\/uploads\/2022\/08\/Duerr-Doris-1316x1536.jpg 1316w, https:\/\/www.lernreg.de\/wp-content\/uploads\/2022\/08\/Duerr-Doris-1754x2048.jpg 1754w, https:\/\/www.lernreg.de\/wp-content\/uploads\/2022\/08\/Duerr-Doris-1285x1500.jpg 1285w, https:\/\/www.lernreg.de\/wp-content\/uploads\/2022\/08\/Duerr-Doris-604x705.jpg 604w, https:\/\/www.lernreg.de\/wp-content\/uploads\/2022\/08\/Duerr-Doris-450x525.jpg 450w\" sizes=\"(max-width: 882px) 100vw, 882px\" \/><div class=\"team-social\"><div class=\"team-social-inner\"><span class='hidden av_member_url_markup '  itemprop=\"email\" >mailto:doris.duerr@lernreg.de<\/span><a href='mailto:doris.duerr@lernreg.de' class='avia-team-icon av-cp8k2r-c920c537f8c6f213f0ddf7baddb3c008' rel=\"v:url noopener\" data-avia-tooltip=\"E-Mail\" target='_blank' aria-hidden='true' data-av_icon='\ue805' data-av_iconfont='entypo-fontello'><\/a><\/div><\/div><\/div><h3 class='team-member-name '  itemprop=\"name\" >Doris D\u00fcrr<\/h3><div class='team-member-job-title '  itemprop=\"jobTitle\" >Hauptamtliche Integrationslotsen<\/div><div class='team-member-description '  itemprop=\"description\" ><p>09431 471-606 <\/p>\n<p>doris.duerr(at)lernreg.de <\/p>\n<p>Di. \u2013 Do. von 8.00 bis 13.00 Uhr<\/p>\n<\/div><span class='hidden team-member-affiliation'  itemprop=\"affiliation\" >Lernende Region Schwandorf<\/span><\/section><\/div>\n<style type=\"text\/css\" data-created_by=\"avia_inline_auto\" id=\"style-css-av-8494mr-95e1114785b758436b9a311aef618d76\">\n.flex_column.av-8494mr-95e1114785b758436b9a311aef618d76{\n-webkit-border-radius:0px 0px 0px 0px;\n-moz-border-radius:0px 0px 0px 0px;\nborder-radius:0px 0px 0px 0px;\npadding:0px 0px 0px 0px;\n}\n<\/style>\n<div class='flex_column av-8494mr-95e1114785b758436b9a311aef618d76 av_one_fifth  avia-builder-el-7  el_after_av_one_fifth  el_before_av_one_fifth  flex_column_div av-zero-column-padding column-top-margin'     ><section  class='avia-team-member av-m8ifyocj-6ad1273cc1876c5ba4ce09d11a1ebdb4  avia-builder-el-8  avia-builder-el-no-sibling '  itemscope=\"itemscope\" itemtype=\"https:\/\/schema.org\/Person\" ><div class=\"team-img-container\"><img decoding=\"async\" class='wp-image-6402 avia-img-lazy-loading-not-6402 avia_image avia_image_team' src=\"https:\/\/www.lernreg.de\/wp-content\/uploads\/2025\/03\/Bianca_Hummel_IMG_2493-1308x1435.jpg\" alt='Bianca Hummel'  itemprop=\"image\"   height=\"1435\" width=\"1308\" srcset=\"https:\/\/www.lernreg.de\/wp-content\/uploads\/2025\/03\/Bianca_Hummel_IMG_2493-1308x1435.jpg 1308w, https:\/\/www.lernreg.de\/wp-content\/uploads\/2025\/03\/Bianca_Hummel_IMG_2493-273x300.jpg 273w, https:\/\/www.lernreg.de\/wp-content\/uploads\/2025\/03\/Bianca_Hummel_IMG_2493-768x843.jpg 768w, https:\/\/www.lernreg.de\/wp-content\/uploads\/2025\/03\/Bianca_Hummel_IMG_2493-1400x1536.jpg 1400w, https:\/\/www.lernreg.de\/wp-content\/uploads\/2025\/03\/Bianca_Hummel_IMG_2493-1867x2048.jpg 1867w, https:\/\/www.lernreg.de\/wp-content\/uploads\/2025\/03\/Bianca_Hummel_IMG_2493-1367x1500.jpg 1367w, https:\/\/www.lernreg.de\/wp-content\/uploads\/2025\/03\/Bianca_Hummel_IMG_2493-643x705.jpg 643w\" sizes=\"(max-width: 1308px) 100vw, 1308px\" \/><div class=\"team-social\"><div class=\"team-social-inner\"><span class='hidden av_member_url_markup '  itemprop=\"email\" >mailto:bianca.hummel@lernreg.de<\/span><a href='mailto:bianca.hummel@lernreg.de' class='avia-team-icon av-5fiejn-d3a3a31700400fe2f6a397dcd2d8afaa' rel=\"v:url noopener\" data-avia-tooltip=\"E-Mail\" target='_blank' aria-hidden='true' data-av_icon='\ue805' data-av_iconfont='entypo-fontello'><\/a><\/div><\/div><\/div><h3 class='team-member-name '  itemprop=\"name\" >Bianca Hummel<\/h3><div class='team-member-job-title '  itemprop=\"jobTitle\" >Integrationslotsin, Sprachcafe, Ehrenamtskarte, Verwaltung<\/div><div class='team-member-description '  itemprop=\"description\" ><p>09431 471-605 <\/p>\n<p>bianca.hummel(at)lernreg.de <\/p>\n<p>Di. \u2013 Fr. von 8.00 bis 12.00 Uhr<\/p>\n<\/div><span class='hidden team-member-affiliation'  itemprop=\"affiliation\" >Lernende Region Schwandorf<\/span><\/section><\/div>\n<style type=\"text\/css\" data-created_by=\"avia_inline_auto\" id=\"style-css-av-it5wz-563f51056b05e1e71c077cb2b95ce582\">\n.flex_column.av-it5wz-563f51056b05e1e71c077cb2b95ce582{\n-webkit-border-radius:0px 0px 0px 0px;\n-moz-border-radius:0px 0px 0px 0px;\nborder-radius:0px 0px 0px 0px;\npadding:0px 0px 0px 0px;\n}\n<\/style>\n<div class='flex_column av-it5wz-563f51056b05e1e71c077cb2b95ce582 av_one_fifth  avia-builder-el-9  el_after_av_one_fifth  el_before_av_one_fifth  flex_column_div av-zero-column-padding column-top-margin'     ><section  class='avia-team-member av-4oi6jn-210db90ac3f6e7df6dc87812a6b09d70  avia-builder-el-10  avia-builder-el-no-sibling '  itemscope=\"itemscope\" itemtype=\"https:\/\/schema.org\/Person\" ><div class=\"team-img-container\"><img decoding=\"async\" class='wp-image-5133 avia-img-lazy-loading-not-5133 avia_image avia_image_team av-team-img-original' src=\"https:\/\/www.lernreg.de\/wp-content\/uploads\/2022\/08\/Vollath-Bianka-1330x1536.jpg\" alt='Bianka Vollath'  itemprop=\"image\"   height=\"1536\" width=\"1330\" srcset=\"https:\/\/www.lernreg.de\/wp-content\/uploads\/2022\/08\/Vollath-Bianka-1330x1536.jpg 1330w, https:\/\/www.lernreg.de\/wp-content\/uploads\/2022\/08\/Vollath-Bianka-260x300.jpg 260w, https:\/\/www.lernreg.de\/wp-content\/uploads\/2022\/08\/Vollath-Bianka-892x1030.jpg 892w, https:\/\/www.lernreg.de\/wp-content\/uploads\/2022\/08\/Vollath-Bianka-768x887.jpg 768w, https:\/\/www.lernreg.de\/wp-content\/uploads\/2022\/08\/Vollath-Bianka-1773x2048.jpg 1773w, https:\/\/www.lernreg.de\/wp-content\/uploads\/2022\/08\/Vollath-Bianka-1299x1500.jpg 1299w, https:\/\/www.lernreg.de\/wp-content\/uploads\/2022\/08\/Vollath-Bianka-610x705.jpg 610w, https:\/\/www.lernreg.de\/wp-content\/uploads\/2022\/08\/Vollath-Bianka-450x520.jpg 450w\" sizes=\"(max-width: 1330px) 100vw, 1330px\" \/><div class=\"team-social\"><div class=\"team-social-inner\"><span class='hidden av_member_url_markup '  itemprop=\"email\" >mailto:bianka.vollath@lernreg.de<\/span><a href='mailto:bianka.vollath@lernreg.de' class='avia-team-icon av-39omcj-9217df5e6fe150793ad8d189528130e6' rel=\"v:url noopener\" data-avia-tooltip=\"E-Mail\" target='_blank' aria-hidden='true' data-av_icon='\ue805' data-av_iconfont='entypo-fontello'><\/a><\/div><\/div><\/div><h3 class='team-member-name '  itemprop=\"name\" >Bianka Vollath<\/h3><div class='team-member-job-title '  itemprop=\"jobTitle\" >Inklusion, Lesepaten, Ehrenamtskarte und Alltagsbegleitung<\/div><div class='team-member-description '  itemprop=\"description\" ><p>09431 471-616<\/p>\n<p>bianka.vollath(at)lernreg.de<\/p>\n<p>Montag-Donnerstag vormittags<\/p>\n<\/div><span class='hidden team-member-affiliation'  itemprop=\"affiliation\" >Lernende Region Schwandorf<\/span><\/section><\/div>\n<style type=\"text\/css\" data-created_by=\"avia_inline_auto\" id=\"style-css-av-4w613n-9e8ef11b6df8f7a7e0f505289e78e474\">\n.flex_column.av-4w613n-9e8ef11b6df8f7a7e0f505289e78e474{\n-webkit-border-radius:0px 0px 0px 0px;\n-moz-border-radius:0px 0px 0px 0px;\nborder-radius:0px 0px 0px 0px;\npadding:0px 0px 0px 0px;\n}\n<\/style>\n<div class='flex_column av-4w613n-9e8ef11b6df8f7a7e0f505289e78e474 av_one_fifth  avia-builder-el-11  el_after_av_one_fifth  avia-builder-el-last  flex_column_div av-zero-column-padding column-top-margin'     ><section  class='avia-team-member av-mgotwk13-a441aea569b814c840aa23bea002710c  avia-builder-el-12  avia-builder-el-no-sibling '  itemscope=\"itemscope\" itemtype=\"https:\/\/schema.org\/Person\" ><div class=\"team-img-container\"><img decoding=\"async\" class='wp-image-6546 avia-img-lazy-loading-not-6546 avia_image avia_image_team av-team-img-original' src=\"https:\/\/www.lernreg.de\/wp-content\/uploads\/2025\/10\/Grassmann-Veronika-1411x1536.jpg\" alt='Dr. Veronika Gra\u00dfmann'  itemprop=\"image\"   height=\"1536\" width=\"1411\" srcset=\"https:\/\/www.lernreg.de\/wp-content\/uploads\/2025\/10\/Grassmann-Veronika-1411x1536.jpg 1411w, https:\/\/www.lernreg.de\/wp-content\/uploads\/2025\/10\/Grassmann-Veronika-275x300.jpg 275w, https:\/\/www.lernreg.de\/wp-content\/uploads\/2025\/10\/Grassmann-Veronika-1318x1435.jpg 1318w, https:\/\/www.lernreg.de\/wp-content\/uploads\/2025\/10\/Grassmann-Veronika-768x836.jpg 768w, https:\/\/www.lernreg.de\/wp-content\/uploads\/2025\/10\/Grassmann-Veronika-1881x2048.jpg 1881w, https:\/\/www.lernreg.de\/wp-content\/uploads\/2025\/10\/Grassmann-Veronika-1377x1500.jpg 1377w, https:\/\/www.lernreg.de\/wp-content\/uploads\/2025\/10\/Grassmann-Veronika-647x705.jpg 647w\" sizes=\"(max-width: 1411px) 100vw, 1411px\" \/><div class=\"team-social\"><div class=\"team-social-inner\"><span class='hidden av_member_url_markup '  itemprop=\"email\" >mailto:veronika.grassmann@lernreg.de<\/span><a href='mailto:veronika.grassmann@lernreg.de' class='avia-team-icon av-2lcmur-909c1f0f54e250602c0dcd1b90c83b54' rel=\"v:url noopener\" data-avia-tooltip=\"E-Mail\" target='_blank' aria-hidden='true' data-av_icon='\ue805' data-av_iconfont='entypo-fontello'><\/a><\/div><\/div><\/div><h3 class='team-member-name '  itemprop=\"name\" >Dr. Veronika Gra\u00dfmann<\/h3><div class='team-member-job-title '  itemprop=\"jobTitle\" >MINT-Management<\/div><div class='team-member-description '  itemprop=\"description\" ><p>09431 471-971<\/p>\n<p>veronika.grassmann(at)lernreg.de<\/p>\n<p>Montag-Donnerstag vormittags<\/p>\n<\/div><span class='hidden team-member-affiliation'  itemprop=\"affiliation\" >Lernende Region Schwandorf<\/span><\/section><\/div><\/div><\/div><\/div><!-- close content main div --><\/div><\/div><div id='after_section_1'  class='main_color av_default_container_wrap container_wrap sidebar_right'  ><div class='container av-section-cont-open' ><div class='template-page content  av-content-small alpha units'><div class='post-entry post-entry-type-page post-entry-3779'><div class='entry-content-wrapper clearfix'>\n","protected":false},"excerpt":{"rendered":"<p>Unser Team<\/p>\n","protected":false},"author":1,"featured_media":0,"parent":0,"menu_order":0,"comment_status":"open","ping_status":"open","template":"","meta":{"footnotes":""},"class_list":["post-3779","page","type-page","status-publish","hentry"],"yoast_head":"<!-- This site is optimized with the Yoast SEO plugin v26.4 - https:\/\/yoast.com\/wordpress\/plugins\/seo\/ -->\n<title>Unser Team - Lernende Region Schwandorf<\/title>\n<meta name=\"robots\" content=\"index, follow, max-snippet:-1, max-image-preview:large, max-video-preview:-1\" \/>\n<link rel=\"canonical\" href=\"https:\/\/www.lernreg.de\/index.php\/unser-team\/\" \/>\n<meta property=\"og:locale\" content=\"de_DE\" \/>\n<meta property=\"og:type\" content=\"article\" \/>\n<meta property=\"og:title\" content=\"Unser Team - Lernende Region Schwandorf\" \/>\n<meta property=\"og:description\" content=\"Unser Team\" \/>\n<meta property=\"og:url\" content=\"https:\/\/www.lernreg.de\/index.php\/unser-team\/\" \/>\n<meta property=\"og:site_name\" content=\"Lernende Region Schwandorf\" \/>\n<meta property=\"article:modified_time\" content=\"2025-10-21T09:02:47+00:00\" \/>\n<meta name=\"twitter:card\" content=\"summary_large_image\" \/>\n<meta name=\"twitter:label1\" content=\"Gesch\u00e4tzte Lesezeit\" \/>\n\t<meta name=\"twitter:data1\" content=\"2\u00a0Minuten\" \/>\n<script type=\"application\/ld+json\" class=\"yoast-schema-graph\">{\"@context\":\"https:\/\/schema.org\",\"@graph\":[{\"@type\":\"WebPage\",\"@id\":\"https:\/\/www.lernreg.de\/index.php\/unser-team\/\",\"url\":\"https:\/\/www.lernreg.de\/index.php\/unser-team\/\",\"name\":\"Unser Team - Lernende Region Schwandorf\",\"isPartOf\":{\"@id\":\"https:\/\/www.lernreg.de\/#website\"},\"datePublished\":\"2021-09-10T08:52:22+00:00\",\"dateModified\":\"2025-10-21T09:02:47+00:00\",\"breadcrumb\":{\"@id\":\"https:\/\/www.lernreg.de\/index.php\/unser-team\/#breadcrumb\"},\"inLanguage\":\"de\",\"potentialAction\":[{\"@type\":\"ReadAction\",\"target\":[\"https:\/\/www.lernreg.de\/index.php\/unser-team\/\"]}]},{\"@type\":\"BreadcrumbList\",\"@id\":\"https:\/\/www.lernreg.de\/index.php\/unser-team\/#breadcrumb\",\"itemListElement\":[{\"@type\":\"ListItem\",\"position\":1,\"name\":\"Startseite\",\"item\":\"https:\/\/www.lernreg.de\/index.php\/homepage\/\"},{\"@type\":\"ListItem\",\"position\":2,\"name\":\"Unser Team\"}]},{\"@type\":\"WebSite\",\"@id\":\"https:\/\/www.lernreg.de\/#website\",\"url\":\"https:\/\/www.lernreg.de\/\",\"name\":\"Lernende Region Schwandorf\",\"description\":\"Freiwilligenagentur, Bildung\",\"publisher\":{\"@id\":\"https:\/\/www.lernreg.de\/#organization\"},\"potentialAction\":[{\"@type\":\"SearchAction\",\"target\":{\"@type\":\"EntryPoint\",\"urlTemplate\":\"https:\/\/www.lernreg.de\/?s={search_term_string}\"},\"query-input\":{\"@type\":\"PropertyValueSpecification\",\"valueRequired\":true,\"valueName\":\"search_term_string\"}}],\"inLanguage\":\"de\"},{\"@type\":\"Organization\",\"@id\":\"https:\/\/www.lernreg.de\/#organization\",\"name\":\"Die Lernende Region Schwandorf e.V. ist ein regionales Netzwerk f\u00fcr den Landkreis Schwandorf mit den Schwerpunkten\u00a0Bildung\u00a0und\u00a0Ehrenamt: Im\u00a0Bildungsbereich\u00a0strebt die Lernende Region Schwandorf eine nachhaltige Verbesserung der Ausbildungs-, Besch\u00e4ftigungs- und Lebenssituation aller B\u00fcrgerinnen und B\u00fcrger\u00a0der Region an. Beispiele hierf\u00fcr sind die j\u00e4hrliche Bildungsmesse in Maxh\u00fctte-Haidhof sowie die Durchf\u00fchrung des Projekts \u201eMINT-Netzwerke Bayern\u201c.\",\"url\":\"https:\/\/www.lernreg.de\/\",\"logo\":{\"@type\":\"ImageObject\",\"inLanguage\":\"de\",\"@id\":\"https:\/\/www.lernreg.de\/#\/schema\/logo\/image\/\",\"url\":\"https:\/\/www.lernreg.de\/wp-content\/uploads\/2021\/08\/Logo-LernReg-transparent.png\",\"contentUrl\":\"https:\/\/www.lernreg.de\/wp-content\/uploads\/2021\/08\/Logo-LernReg-transparent.png\",\"width\":400,\"height\":228,\"caption\":\"Die Lernende Region Schwandorf e.V. ist ein regionales Netzwerk f\u00fcr den Landkreis Schwandorf mit den Schwerpunkten\u00a0Bildung\u00a0und\u00a0Ehrenamt: Im\u00a0Bildungsbereich\u00a0strebt die Lernende Region Schwandorf eine nachhaltige Verbesserung der Ausbildungs-, Besch\u00e4ftigungs- und Lebenssituation aller B\u00fcrgerinnen und B\u00fcrger\u00a0der Region an. Beispiele hierf\u00fcr sind die j\u00e4hrliche Bildungsmesse in Maxh\u00fctte-Haidhof sowie die Durchf\u00fchrung des Projekts \u201eMINT-Netzwerke Bayern\u201c.\"},\"image\":{\"@id\":\"https:\/\/www.lernreg.de\/#\/schema\/logo\/image\/\"}}]}<\/script>\n<!-- \/ Yoast SEO plugin. -->","yoast_head_json":{"title":"Unser Team - Lernende Region Schwandorf","robots":{"index":"index","follow":"follow","max-snippet":"max-snippet:-1","max-image-preview":"max-image-preview:large","max-video-preview":"max-video-preview:-1"},"canonical":"https:\/\/www.lernreg.de\/index.php\/unser-team\/","og_locale":"de_DE","og_type":"article","og_title":"Unser Team - Lernende Region Schwandorf","og_description":"Unser Team","og_url":"https:\/\/www.lernreg.de\/index.php\/unser-team\/","og_site_name":"Lernende Region Schwandorf","article_modified_time":"2025-10-21T09:02:47+00:00","twitter_card":"summary_large_image","twitter_misc":{"Gesch\u00e4tzte Lesezeit":"2\u00a0Minuten"},"schema":{"@context":"https:\/\/schema.org","@graph":[{"@type":"WebPage","@id":"https:\/\/www.lernreg.de\/index.php\/unser-team\/","url":"https:\/\/www.lernreg.de\/index.php\/unser-team\/","name":"Unser Team - Lernende Region Schwandorf","isPartOf":{"@id":"https:\/\/www.lernreg.de\/#website"},"datePublished":"2021-09-10T08:52:22+00:00","dateModified":"2025-10-21T09:02:47+00:00","breadcrumb":{"@id":"https:\/\/www.lernreg.de\/index.php\/unser-team\/#breadcrumb"},"inLanguage":"de","potentialAction":[{"@type":"ReadAction","target":["https:\/\/www.lernreg.de\/index.php\/unser-team\/"]}]},{"@type":"BreadcrumbList","@id":"https:\/\/www.lernreg.de\/index.php\/unser-team\/#breadcrumb","itemListElement":[{"@type":"ListItem","position":1,"name":"Startseite","item":"https:\/\/www.lernreg.de\/index.php\/homepage\/"},{"@type":"ListItem","position":2,"name":"Unser Team"}]},{"@type":"WebSite","@id":"https:\/\/www.lernreg.de\/#website","url":"https:\/\/www.lernreg.de\/","name":"Lernende Region Schwandorf","description":"Freiwilligenagentur, Bildung","publisher":{"@id":"https:\/\/www.lernreg.de\/#organization"},"potentialAction":[{"@type":"SearchAction","target":{"@type":"EntryPoint","urlTemplate":"https:\/\/www.lernreg.de\/?s={search_term_string}"},"query-input":{"@type":"PropertyValueSpecification","valueRequired":true,"valueName":"search_term_string"}}],"inLanguage":"de"},{"@type":"Organization","@id":"https:\/\/www.lernreg.de\/#organization","name":"Die Lernende Region Schwandorf e.V. ist ein regionales Netzwerk f\u00fcr den Landkreis Schwandorf mit den Schwerpunkten\u00a0Bildung\u00a0und\u00a0Ehrenamt: Im\u00a0Bildungsbereich\u00a0strebt die Lernende Region Schwandorf eine nachhaltige Verbesserung der Ausbildungs-, Besch\u00e4ftigungs- und Lebenssituation aller B\u00fcrgerinnen und B\u00fcrger\u00a0der Region an. Beispiele hierf\u00fcr sind die j\u00e4hrliche Bildungsmesse in Maxh\u00fctte-Haidhof sowie die Durchf\u00fchrung des Projekts \u201eMINT-Netzwerke Bayern\u201c.","url":"https:\/\/www.lernreg.de\/","logo":{"@type":"ImageObject","inLanguage":"de","@id":"https:\/\/www.lernreg.de\/#\/schema\/logo\/image\/","url":"https:\/\/www.lernreg.de\/wp-content\/uploads\/2021\/08\/Logo-LernReg-transparent.png","contentUrl":"https:\/\/www.lernreg.de\/wp-content\/uploads\/2021\/08\/Logo-LernReg-transparent.png","width":400,"height":228,"caption":"Die Lernende Region Schwandorf e.V. ist ein regionales Netzwerk f\u00fcr den Landkreis Schwandorf mit den Schwerpunkten\u00a0Bildung\u00a0und\u00a0Ehrenamt: Im\u00a0Bildungsbereich\u00a0strebt die Lernende Region Schwandorf eine nachhaltige Verbesserung der Ausbildungs-, Besch\u00e4ftigungs- und Lebenssituation aller B\u00fcrgerinnen und B\u00fcrger\u00a0der Region an. Beispiele hierf\u00fcr sind die j\u00e4hrliche Bildungsmesse in Maxh\u00fctte-Haidhof sowie die Durchf\u00fchrung des Projekts \u201eMINT-Netzwerke Bayern\u201c."},"image":{"@id":"https:\/\/www.lernreg.de\/#\/schema\/logo\/image\/"}}]}},"_links":{"self":[{"href":"https:\/\/www.lernreg.de\/index.php\/wp-json\/wp\/v2\/pages\/3779","targetHints":{"allow":["GET"]}}],"collection":[{"href":"https:\/\/www.lernreg.de\/index.php\/wp-json\/wp\/v2\/pages"}],"about":[{"href":"https:\/\/www.lernreg.de\/index.php\/wp-json\/wp\/v2\/types\/page"}],"author":[{"embeddable":true,"href":"https:\/\/www.lernreg.de\/index.php\/wp-json\/wp\/v2\/users\/1"}],"replies":[{"embeddable":true,"href":"https:\/\/www.lernreg.de\/index.php\/wp-json\/wp\/v2\/comments?post=3779"}],"version-history":[{"count":55,"href":"https:\/\/www.lernreg.de\/index.php\/wp-json\/wp\/v2\/pages\/3779\/revisions"}],"predecessor-version":[{"id":6552,"href":"https:\/\/www.lernreg.de\/index.php\/wp-json\/wp\/v2\/pages\/3779\/revisions\/6552"}],"wp:attachment":[{"href":"https:\/\/www.lernreg.de\/index.php\/wp-json\/wp\/v2\/media?parent=3779"}],"curies":[{"name":"wp","href":"https:\/\/api.w.org\/{rel}","templated":true}]}}