{"id":3617,"date":"2021-09-07T16:18:12","date_gmt":"2021-09-07T14:18:12","guid":{"rendered":"https:\/\/www.lernreg.de\/Neues%20Verzeichnis\/wordpress\/?page_id=3617"},"modified":"2025-06-04T14:58:04","modified_gmt":"2025-06-04T12:58:04","slug":"bildungsregion","status":"publish","type":"page","link":"https:\/\/www.lernreg.de\/index.php\/bildungsregion\/","title":{"rendered":"Bildungsregion"},"content":{"rendered":"<div id='layer_slider_1'  class='avia-layerslider main_color avia-shadow  avia-builder-el-0  el_before_av_one_half  avia-builder-el-first  container_wrap sidebar_right'  style='height: 471px;'  ><\/div><div id='after_layer_slider_1'  class='main_color av_default_container_wrap container_wrap sidebar_right'  ><div class='container av-section-cont-open' ><div class='template-page content  av-content-small alpha units'><div class='post-entry post-entry-type-page post-entry-3617'><div class='entry-content-wrapper clearfix'>\n<div class='flex_column av-vcj7y9-d46099a32a774278ffd4572c46e70161 av_one_half  avia-builder-el-1  el_after_av_layerslider  el_before_av_one_half  avia-builder-el-first  first flex_column_div '     ><style type=\"text\/css\" data-created_by=\"avia_inline_auto\" id=\"style-css-av-sp0fnl-06ba60baf9fe171853eda0d57e68afc8\">\n.avia-image-container.av-sp0fnl-06ba60baf9fe171853eda0d57e68afc8 img.avia_image{\nbox-shadow:none;\n}\n.avia-image-container.av-sp0fnl-06ba60baf9fe171853eda0d57e68afc8 .av-image-caption-overlay-center{\ncolor:#ffffff;\n}\n<\/style>\n<div  class='avia-image-container av-sp0fnl-06ba60baf9fe171853eda0d57e68afc8 av-styling- avia-align-center  avia-builder-el-2  avia-builder-el-no-sibling '   itemprop=\"image\" itemscope=\"itemscope\" itemtype=\"https:\/\/schema.org\/ImageObject\" ><div class=\"avia-image-container-inner\"><div class=\"avia-image-overlay-wrap\"><img decoding=\"async\" class='wp-image-3618 avia-img-lazy-loading-not-3618 avia_image ' src=\"https:\/\/www.lernreg.de\/wp-content\/uploads\/2021\/09\/hands-820272_1920-845x684.jpg\" alt='' title='hands-820272_1920'  height=\"684\" width=\"845\"  itemprop=\"thumbnailUrl\" srcset=\"https:\/\/www.lernreg.de\/wp-content\/uploads\/2021\/09\/hands-820272_1920-845x684.jpg 845w, https:\/\/www.lernreg.de\/wp-content\/uploads\/2021\/09\/hands-820272_1920-495x400.jpg 495w\" sizes=\"(max-width: 845px) 100vw, 845px\" \/><\/div><\/div><\/div><\/div>\n\n<style type=\"text\/css\" data-created_by=\"avia_inline_auto\" id=\"style-css-av-rqgnf5-f4bdcfae980c2afa7aeb76805e88da56\">\n.flex_column.av-rqgnf5-f4bdcfae980c2afa7aeb76805e88da56{\n-webkit-border-radius:0px 0px 0px 0px;\n-moz-border-radius:0px 0px 0px 0px;\nborder-radius:0px 0px 0px 0px;\npadding:0px 0px 0px 0px;\n}\n<\/style>\n<div class='flex_column av-rqgnf5-f4bdcfae980c2afa7aeb76805e88da56 av_one_half  avia-builder-el-3  el_after_av_one_half  el_before_av_hr  flex_column_div av-zero-column-padding '     ><section  class='av_textblock_section av-p9mk8x-3802889c52f620b04e227864e966f5a9'  itemscope=\"itemscope\" itemtype=\"https:\/\/schema.org\/CreativeWork\" ><div class='avia_textblock'  itemprop=\"text\" ><h3>Der Landkreis Schwandorf ist &#8222;Bildungsregion&#8220; und &#8222;Digitale Bildungsregion&#8220;<\/h3>\n<p>Um die Bildungsqualit\u00e4t in unserer Region weiter zu st\u00e4rken, hat sich der Landkreis Schwandorf 2015 an der Initiative \u201eBildungsregionen in Bayern\u201c des Bayerischen Staatsministeriums f\u00fcr Bildung und Kultus, Wissenschaft und Kunst beteiligt. Am Zertifizierungsprozesses haben \u00fcber 100 Akteure aus Bildung, Wirtschaft und der Zivilgesellschaft im Landkreis Schwandorf mitgewirkt. Dieser Prozess fand seinen vorl\u00e4ufigen Abschluss mit der Verleihung des Qualit\u00e4tssiegels als Bildungsregion in Bayern auf der 1. Schwandorfer Bildungskonferenz am 11. Juli 2016.<\/p>\n<p>Im Jahr 2018 startete der Landkreis Schwandorf mit dem Bewerbungsschreiben zur Zertifizierung als &#8222;Digitale Bildungsregion&#8220;.\u00a0 Im Zuge dieses Prozesses wurde eine Expertengruppe mit Vertretern aus Kommunen, Bildung, Wirtschaft und weiteren bildungsbezogenen Bereichen gegr\u00fcndet. Gemeinsam mit dem Bildungsmanagement am Landratsamt wurden die Leitlinien f\u00fcr das Bewerbungsschreiben erarbeitet. Im darauffolgenden Jahr hat sich der Landkreis Schwandorf als eine der ersten Kommunen bayernweit um das Siegel &#8222;Digitale Bildungsregion&#8220; beworben. Die Best\u00e4tigung durch den damaligen Bayerischen Staatsminister f\u00fcr Unterricht und Kultus, Herrn Prof. Dr. Michael Piazolo erfolgte im Jahr 2020.<\/p>\n<p>Die Verleihung des Siegels \u201eDigitale Bildungsregion\u201c ist f\u00fcr uns nicht der Abschluss einer Entwicklung, sondern die Fortf\u00fchrung des digitalen Prozesses zusammen mit allen Bildungsakteuren im Landkreis Schwandorf. Seitdem werden die Grunds\u00e4tze der &#8222;Bildungsregion&#8220; und &#8222;Digitalen Bildungsregion&#8220; in Form von Projekten, Veranstaltungen und Netzwerkrunden stetig fortgef\u00fchrt.<\/p>\n<p>Kontakt: Florian Schmid, info@lernreg.de \/ 09431 471-602<\/p>\n<\/div><\/section><\/div>\n<style type=\"text\/css\" data-created_by=\"avia_inline_auto\" id=\"style-css-av-no7y3l-b8055586fd42245bcdaf3623f6fa6ad8\">\n#top .hr.hr-invisible.av-no7y3l-b8055586fd42245bcdaf3623f6fa6ad8{\nheight:50px;\n}\n<\/style>\n<div  class='hr av-no7y3l-b8055586fd42245bcdaf3623f6fa6ad8 hr-invisible  avia-builder-el-5  el_after_av_one_half  el_before_av_one_fifth '><span class='hr-inner '><span class=\"hr-inner-style\"><\/span><\/span><\/div><\/p>\n\n<style type=\"text\/css\" data-created_by=\"avia_inline_auto\" id=\"style-css-av-i6nw5d-dde9ea65034a60ae7eefc7d980d57e76\">\n.flex_column.av-i6nw5d-dde9ea65034a60ae7eefc7d980d57e76{\n-webkit-border-radius:0px 0px 0px 0px;\n-moz-border-radius:0px 0px 0px 0px;\nborder-radius:0px 0px 0px 0px;\npadding:0px 0px 0px 0px;\n}\n<\/style>\n<div class='flex_column av-i6nw5d-dde9ea65034a60ae7eefc7d980d57e76 av_one_fifth  avia-builder-el-6  el_after_av_hr  el_before_av_one_fifth  first flex_column_div av-zero-column-padding '     ><style type=\"text\/css\" data-created_by=\"avia_inline_auto\" id=\"style-css-av-fhzqnl-b20cd574a848c0ba0a0f00e63bffec32\">\n.av_font_icon.av-fhzqnl-b20cd574a848c0ba0a0f00e63bffec32 .av-icon-char{\nfont-size:40px;\nline-height:40px;\nwidth:40px;\n}\n<\/style>\n<span  class='av_font_icon av-fhzqnl-b20cd574a848c0ba0a0f00e63bffec32 avia_animate_when_visible av-icon-style-border avia-icon-pos-center av-no-color avia-icon-animate'><a href='https:\/\/www.lernreg.de\/fileadmin\/user_upload\/Abschlussbericht_.pdf'  target=\"_blank\"  rel=\"noopener noreferrer\" class='av-icon-char' aria-hidden='true' data-av_icon='\ue84b' data-av_iconfont='entypo-fontello' ><\/a><span class='av_icon_caption av-special-font'>Abschlussbericht<\/span><\/span><\/div>\n\n<style type=\"text\/css\" data-created_by=\"avia_inline_auto\" id=\"style-css-av-eg1cu9-9fe49d40d151c23a9ae2a5fcc5916481\">\n.flex_column.av-eg1cu9-9fe49d40d151c23a9ae2a5fcc5916481{\n-webkit-border-radius:0px 0px 0px 0px;\n-moz-border-radius:0px 0px 0px 0px;\nborder-radius:0px 0px 0px 0px;\npadding:0px 0px 0px 0px;\n}\n<\/style>\n<div class='flex_column av-eg1cu9-9fe49d40d151c23a9ae2a5fcc5916481 av_one_fifth  avia-builder-el-8  el_after_av_one_fifth  el_before_av_one_fifth  flex_column_div av-zero-column-padding '     ><style type=\"text\/css\" data-created_by=\"avia_inline_auto\" id=\"style-css-av-d5irch-ecd716bcd884a5620bd362b91cd1df87\">\n.av_font_icon.av-d5irch-ecd716bcd884a5620bd362b91cd1df87 .av-icon-char{\nfont-size:40px;\nline-height:40px;\nwidth:40px;\n}\n<\/style>\n<span  class='av_font_icon av-d5irch-ecd716bcd884a5620bd362b91cd1df87 avia_animate_when_visible av-icon-style-border avia-icon-pos-center av-no-color avia-icon-animate'><a href='https:\/\/www.lernreg.de\/fileadmin\/user_upload\/Leuchtturmprojekte.pdf'  target=\"_blank\"  rel=\"noopener noreferrer\" class='av-icon-char' aria-hidden='true' data-av_icon='\ue864' data-av_iconfont='entypo-fontello' ><\/a><span class='av_icon_caption av-special-font'>Leuchtturmprojekte<\/span><\/span><\/div>\n\n<style type=\"text\/css\" data-created_by=\"avia_inline_auto\" id=\"style-css-av-absun5-206117ba14b6a8d73eba3cd129db8508\">\n.flex_column.av-absun5-206117ba14b6a8d73eba3cd129db8508{\n-webkit-border-radius:0px 0px 0px 0px;\n-moz-border-radius:0px 0px 0px 0px;\nborder-radius:0px 0px 0px 0px;\npadding:0px 0px 0px 0px;\n}\n<\/style>\n<div class='flex_column av-absun5-206117ba14b6a8d73eba3cd129db8508 av_one_fifth  avia-builder-el-10  el_after_av_one_fifth  el_before_av_one_fifth  flex_column_div av-zero-column-padding '     ><style type=\"text\/css\" data-created_by=\"avia_inline_auto\" id=\"style-css-av-8hh5up-66aff696ea2a6abf2a5f48bcfcd007cd\">\n.av_font_icon.av-8hh5up-66aff696ea2a6abf2a5f48bcfcd007cd .av-icon-char{\nfont-size:40px;\nline-height:40px;\nwidth:40px;\n}\n<\/style>\n<span  class='av_font_icon av-8hh5up-66aff696ea2a6abf2a5f48bcfcd007cd avia_animate_when_visible av-icon-style-border avia-icon-pos-center av-no-color avia-icon-animate'><a href='https:\/\/www.onetz.de\/schwandorf\/politik\/landkreis-und-betriebe-werben-wirbt-mit-schildern-fuer-qualitaetssiegel-bildungsregion-schwarz-auf-weiss-d1751324.html' target=\"_blank\" rel=\"noopener noreferrer\" class='av-icon-char' aria-hidden='true' data-av_icon='\ueaeb' data-av_iconfont='icofont'><\/a><span class='av_icon_caption av-special-font'>Neuer Tag vom 10.05.2017<\/span><\/span><\/div>\n\n<style type=\"text\/css\" data-created_by=\"avia_inline_auto\" id=\"style-css-av-7w74ox-08e2d2b5e8721de1587b72ddfa409a2c\">\n.flex_column.av-7w74ox-08e2d2b5e8721de1587b72ddfa409a2c{\n-webkit-border-radius:0px 0px 0px 0px;\n-moz-border-radius:0px 0px 0px 0px;\nborder-radius:0px 0px 0px 0px;\npadding:0px 0px 0px 0px;\n}\n<\/style>\n<div class='flex_column av-7w74ox-08e2d2b5e8721de1587b72ddfa409a2c av_one_fifth  avia-builder-el-12  el_after_av_one_fifth  el_before_av_one_fifth  flex_column_div av-zero-column-padding '     ><style type=\"text\/css\" data-created_by=\"avia_inline_auto\" id=\"style-css-av-6bklch-5c6b1f57655ae5a574aac629180f9dc7\">\n.av_font_icon.av-6bklch-5c6b1f57655ae5a574aac629180f9dc7 .av-icon-char{\nfont-size:40px;\nline-height:40px;\nwidth:40px;\n}\n<\/style>\n<span  class='av_font_icon av-6bklch-5c6b1f57655ae5a574aac629180f9dc7 avia_animate_when_visible av-icon-style-border avia-icon-pos-center av-no-color avia-icon-animate'><a href='https:\/\/www.mittelbayerische.de\/region\/schwandorf\/gemeinden\/wackersdorf\/bildungs-guetesiegel-zum-anschrauben-21492-art1515352.html' target=\"_blank\" rel=\"noopener noreferrer\" class='av-icon-char' aria-hidden='true' data-av_icon='\ueaea' data-av_iconfont='icofont'><\/a><span class='av_icon_caption av-special-font'>Mittelbayerische Zeitung vom 04.05.2017<\/span><\/span><\/div>\n\n<style type=\"text\/css\" data-created_by=\"avia_inline_auto\" id=\"style-css-av-h42pt-6d8c551bd8c51303f0316316a4d33d1c\">\n.flex_column.av-h42pt-6d8c551bd8c51303f0316316a4d33d1c{\n-webkit-border-radius:0px 0px 0px 0px;\n-moz-border-radius:0px 0px 0px 0px;\nborder-radius:0px 0px 0px 0px;\npadding:0px 0px 0px 0px;\n}\n<\/style>\n<div class='flex_column av-h42pt-6d8c551bd8c51303f0316316a4d33d1c av_one_fifth  avia-builder-el-14  el_after_av_one_fifth  avia-builder-el-last  flex_column_div av-zero-column-padding '     ><style type=\"text\/css\" data-created_by=\"avia_inline_auto\" id=\"style-css-av-39kbwh-27f0ea27f2ca876fca52c289012245ec\">\n.av_font_icon.av-39kbwh-27f0ea27f2ca876fca52c289012245ec .av-icon-char{\nfont-size:40px;\nline-height:40px;\nwidth:40px;\n}\n<\/style>\n<span  class='av_font_icon av-39kbwh-27f0ea27f2ca876fca52c289012245ec avia_animate_when_visible av-icon-style-border avia-icon-pos-center av-no-color avia-icon-animate'><a href='https:\/\/www.onetz.de\/schwandorf\/vermischtes\/schueler-gestalten-siegel-zum-anfassen-zweite-bildungskonferenz-steht-bevor-bildungsregion-in-edelstahl-d1749176.html' target=\"_blank\" rel=\"noopener noreferrer\" class='av-icon-char' aria-hidden='true' data-av_icon='\ue84e' data-av_iconfont='entypo-fontello'><\/a><span class='av_icon_caption av-special-font'>Neuer Tag vom 02.05.2017<\/span><\/span><\/div>\n","protected":false},"excerpt":{"rendered":"<p>Bildungsregion<\/p>\n","protected":false},"author":1,"featured_media":0,"parent":0,"menu_order":0,"comment_status":"open","ping_status":"open","template":"","meta":{"footnotes":""},"class_list":["post-3617","page","type-page","status-publish","hentry"],"yoast_head":"<!-- This site is optimized with the Yoast SEO plugin v26.4 - https:\/\/yoast.com\/wordpress\/plugins\/seo\/ -->\n<title>Bildungsregion - Lernende Region Schwandorf<\/title>\n<meta name=\"robots\" content=\"index, follow, max-snippet:-1, max-image-preview:large, max-video-preview:-1\" \/>\n<link rel=\"canonical\" href=\"https:\/\/www.lernreg.de\/index.php\/bildungsregion\/\" \/>\n<meta property=\"og:locale\" content=\"de_DE\" \/>\n<meta property=\"og:type\" content=\"article\" \/>\n<meta property=\"og:title\" content=\"Bildungsregion - Lernende Region Schwandorf\" \/>\n<meta property=\"og:description\" content=\"Bildungsregion\" \/>\n<meta property=\"og:url\" content=\"https:\/\/www.lernreg.de\/index.php\/bildungsregion\/\" \/>\n<meta property=\"og:site_name\" content=\"Lernende Region Schwandorf\" \/>\n<meta property=\"article:modified_time\" content=\"2025-06-04T12:58:04+00:00\" \/>\n<meta name=\"twitter:card\" content=\"summary_large_image\" \/>\n<meta name=\"twitter:label1\" content=\"Gesch\u00e4tzte Lesezeit\" \/>\n\t<meta name=\"twitter:data1\" content=\"5\u00a0Minuten\" \/>\n<script type=\"application\/ld+json\" class=\"yoast-schema-graph\">{\"@context\":\"https:\/\/schema.org\",\"@graph\":[{\"@type\":\"WebPage\",\"@id\":\"https:\/\/www.lernreg.de\/index.php\/bildungsregion\/\",\"url\":\"https:\/\/www.lernreg.de\/index.php\/bildungsregion\/\",\"name\":\"Bildungsregion - Lernende Region Schwandorf\",\"isPartOf\":{\"@id\":\"https:\/\/www.lernreg.de\/#website\"},\"datePublished\":\"2021-09-07T14:18:12+00:00\",\"dateModified\":\"2025-06-04T12:58:04+00:00\",\"breadcrumb\":{\"@id\":\"https:\/\/www.lernreg.de\/index.php\/bildungsregion\/#breadcrumb\"},\"inLanguage\":\"de\",\"potentialAction\":[{\"@type\":\"ReadAction\",\"target\":[\"https:\/\/www.lernreg.de\/index.php\/bildungsregion\/\"]}]},{\"@type\":\"BreadcrumbList\",\"@id\":\"https:\/\/www.lernreg.de\/index.php\/bildungsregion\/#breadcrumb\",\"itemListElement\":[{\"@type\":\"ListItem\",\"position\":1,\"name\":\"Startseite\",\"item\":\"https:\/\/www.lernreg.de\/index.php\/homepage\/\"},{\"@type\":\"ListItem\",\"position\":2,\"name\":\"Bildungsregion\"}]},{\"@type\":\"WebSite\",\"@id\":\"https:\/\/www.lernreg.de\/#website\",\"url\":\"https:\/\/www.lernreg.de\/\",\"name\":\"Lernende Region Schwandorf\",\"description\":\"Freiwilligenagentur, Bildung\",\"publisher\":{\"@id\":\"https:\/\/www.lernreg.de\/#organization\"},\"potentialAction\":[{\"@type\":\"SearchAction\",\"target\":{\"@type\":\"EntryPoint\",\"urlTemplate\":\"https:\/\/www.lernreg.de\/?s={search_term_string}\"},\"query-input\":{\"@type\":\"PropertyValueSpecification\",\"valueRequired\":true,\"valueName\":\"search_term_string\"}}],\"inLanguage\":\"de\"},{\"@type\":\"Organization\",\"@id\":\"https:\/\/www.lernreg.de\/#organization\",\"name\":\"Die Lernende Region Schwandorf e.V. ist ein regionales Netzwerk f\u00fcr den Landkreis Schwandorf mit den Schwerpunkten\u00a0Bildung\u00a0und\u00a0Ehrenamt: Im\u00a0Bildungsbereich\u00a0strebt die Lernende Region Schwandorf eine nachhaltige Verbesserung der Ausbildungs-, Besch\u00e4ftigungs- und Lebenssituation aller B\u00fcrgerinnen und B\u00fcrger\u00a0der Region an. Beispiele hierf\u00fcr sind die j\u00e4hrliche Bildungsmesse in Maxh\u00fctte-Haidhof sowie die Durchf\u00fchrung des Projekts \u201eMINT-Netzwerke Bayern\u201c.\",\"url\":\"https:\/\/www.lernreg.de\/\",\"logo\":{\"@type\":\"ImageObject\",\"inLanguage\":\"de\",\"@id\":\"https:\/\/www.lernreg.de\/#\/schema\/logo\/image\/\",\"url\":\"https:\/\/www.lernreg.de\/wp-content\/uploads\/2021\/08\/Logo-LernReg-transparent.png\",\"contentUrl\":\"https:\/\/www.lernreg.de\/wp-content\/uploads\/2021\/08\/Logo-LernReg-transparent.png\",\"width\":400,\"height\":228,\"caption\":\"Die Lernende Region Schwandorf e.V. ist ein regionales Netzwerk f\u00fcr den Landkreis Schwandorf mit den Schwerpunkten\u00a0Bildung\u00a0und\u00a0Ehrenamt: Im\u00a0Bildungsbereich\u00a0strebt die Lernende Region Schwandorf eine nachhaltige Verbesserung der Ausbildungs-, Besch\u00e4ftigungs- und Lebenssituation aller B\u00fcrgerinnen und B\u00fcrger\u00a0der Region an. Beispiele hierf\u00fcr sind die j\u00e4hrliche Bildungsmesse in Maxh\u00fctte-Haidhof sowie die Durchf\u00fchrung des Projekts \u201eMINT-Netzwerke Bayern\u201c.\"},\"image\":{\"@id\":\"https:\/\/www.lernreg.de\/#\/schema\/logo\/image\/\"}}]}<\/script>\n<!-- \/ Yoast SEO plugin. -->","yoast_head_json":{"title":"Bildungsregion - Lernende Region Schwandorf","robots":{"index":"index","follow":"follow","max-snippet":"max-snippet:-1","max-image-preview":"max-image-preview:large","max-video-preview":"max-video-preview:-1"},"canonical":"https:\/\/www.lernreg.de\/index.php\/bildungsregion\/","og_locale":"de_DE","og_type":"article","og_title":"Bildungsregion - Lernende Region Schwandorf","og_description":"Bildungsregion","og_url":"https:\/\/www.lernreg.de\/index.php\/bildungsregion\/","og_site_name":"Lernende Region Schwandorf","article_modified_time":"2025-06-04T12:58:04+00:00","twitter_card":"summary_large_image","twitter_misc":{"Gesch\u00e4tzte Lesezeit":"5\u00a0Minuten"},"schema":{"@context":"https:\/\/schema.org","@graph":[{"@type":"WebPage","@id":"https:\/\/www.lernreg.de\/index.php\/bildungsregion\/","url":"https:\/\/www.lernreg.de\/index.php\/bildungsregion\/","name":"Bildungsregion - Lernende Region Schwandorf","isPartOf":{"@id":"https:\/\/www.lernreg.de\/#website"},"datePublished":"2021-09-07T14:18:12+00:00","dateModified":"2025-06-04T12:58:04+00:00","breadcrumb":{"@id":"https:\/\/www.lernreg.de\/index.php\/bildungsregion\/#breadcrumb"},"inLanguage":"de","potentialAction":[{"@type":"ReadAction","target":["https:\/\/www.lernreg.de\/index.php\/bildungsregion\/"]}]},{"@type":"BreadcrumbList","@id":"https:\/\/www.lernreg.de\/index.php\/bildungsregion\/#breadcrumb","itemListElement":[{"@type":"ListItem","position":1,"name":"Startseite","item":"https:\/\/www.lernreg.de\/index.php\/homepage\/"},{"@type":"ListItem","position":2,"name":"Bildungsregion"}]},{"@type":"WebSite","@id":"https:\/\/www.lernreg.de\/#website","url":"https:\/\/www.lernreg.de\/","name":"Lernende Region Schwandorf","description":"Freiwilligenagentur, Bildung","publisher":{"@id":"https:\/\/www.lernreg.de\/#organization"},"potentialAction":[{"@type":"SearchAction","target":{"@type":"EntryPoint","urlTemplate":"https:\/\/www.lernreg.de\/?s={search_term_string}"},"query-input":{"@type":"PropertyValueSpecification","valueRequired":true,"valueName":"search_term_string"}}],"inLanguage":"de"},{"@type":"Organization","@id":"https:\/\/www.lernreg.de\/#organization","name":"Die Lernende Region Schwandorf e.V. ist ein regionales Netzwerk f\u00fcr den Landkreis Schwandorf mit den Schwerpunkten\u00a0Bildung\u00a0und\u00a0Ehrenamt: Im\u00a0Bildungsbereich\u00a0strebt die Lernende Region Schwandorf eine nachhaltige Verbesserung der Ausbildungs-, Besch\u00e4ftigungs- und Lebenssituation aller B\u00fcrgerinnen und B\u00fcrger\u00a0der Region an. Beispiele hierf\u00fcr sind die j\u00e4hrliche Bildungsmesse in Maxh\u00fctte-Haidhof sowie die Durchf\u00fchrung des Projekts \u201eMINT-Netzwerke Bayern\u201c.","url":"https:\/\/www.lernreg.de\/","logo":{"@type":"ImageObject","inLanguage":"de","@id":"https:\/\/www.lernreg.de\/#\/schema\/logo\/image\/","url":"https:\/\/www.lernreg.de\/wp-content\/uploads\/2021\/08\/Logo-LernReg-transparent.png","contentUrl":"https:\/\/www.lernreg.de\/wp-content\/uploads\/2021\/08\/Logo-LernReg-transparent.png","width":400,"height":228,"caption":"Die Lernende Region Schwandorf e.V. ist ein regionales Netzwerk f\u00fcr den Landkreis Schwandorf mit den Schwerpunkten\u00a0Bildung\u00a0und\u00a0Ehrenamt: Im\u00a0Bildungsbereich\u00a0strebt die Lernende Region Schwandorf eine nachhaltige Verbesserung der Ausbildungs-, Besch\u00e4ftigungs- und Lebenssituation aller B\u00fcrgerinnen und B\u00fcrger\u00a0der Region an. Beispiele hierf\u00fcr sind die j\u00e4hrliche Bildungsmesse in Maxh\u00fctte-Haidhof sowie die Durchf\u00fchrung des Projekts \u201eMINT-Netzwerke Bayern\u201c."},"image":{"@id":"https:\/\/www.lernreg.de\/#\/schema\/logo\/image\/"}}]}},"_links":{"self":[{"href":"https:\/\/www.lernreg.de\/index.php\/wp-json\/wp\/v2\/pages\/3617","targetHints":{"allow":["GET"]}}],"collection":[{"href":"https:\/\/www.lernreg.de\/index.php\/wp-json\/wp\/v2\/pages"}],"about":[{"href":"https:\/\/www.lernreg.de\/index.php\/wp-json\/wp\/v2\/types\/page"}],"author":[{"embeddable":true,"href":"https:\/\/www.lernreg.de\/index.php\/wp-json\/wp\/v2\/users\/1"}],"replies":[{"embeddable":true,"href":"https:\/\/www.lernreg.de\/index.php\/wp-json\/wp\/v2\/comments?post=3617"}],"version-history":[{"count":10,"href":"https:\/\/www.lernreg.de\/index.php\/wp-json\/wp\/v2\/pages\/3617\/revisions"}],"predecessor-version":[{"id":6481,"href":"https:\/\/www.lernreg.de\/index.php\/wp-json\/wp\/v2\/pages\/3617\/revisions\/6481"}],"wp:attachment":[{"href":"https:\/\/www.lernreg.de\/index.php\/wp-json\/wp\/v2\/media?parent=3617"}],"curies":[{"name":"wp","href":"https:\/\/api.w.org\/{rel}","templated":true}]}}